{"id":1299,"date":"2023-08-11T04:17:54","date_gmt":"2023-08-11T04:17:54","guid":{"rendered":"https:\/\/www.growdigital.gov.ie\/?page_id=1299"},"modified":"2024-07-11T11:23:07","modified_gmt":"2024-07-11T11:23:07","slug":"disclaimer-and-copyright-statement","status":"publish","type":"page","link":"https:\/\/www.growdigital.gov.ie\/ga\/disclaimer-and-copyright-statement\/","title":{"rendered":"S\u00e9anadh agus R\u00e1iteas C\u00f3ipchirt"},"content":{"rendered":"<h2>S\u00e9anadh<\/h2>\n<p>C\u00e9 go bhfuil gach iarracht d\u00e9anta cruinneas na faisn\u00e9ise\/\u00e1bhar at\u00e1 ar an su\u00edomh Gr\u00e9as\u00e1in a chinnti\u00fa, n\u00ed ghlacann an Roinn, a seirbh\u00edsigh n\u00e1 a gn\u00edomhair\u00ed freagracht ar bith as agus n\u00ed thugann siad aon r\u00e1tha\u00edochta\u00ed, gealltanais n\u00f3 bar\u00e1nta\u00ed maidir le cruinneas, ioml\u00e1ine n\u00f3 n\u00e1d\u00far cothrom le d\u00e1ta an fhaisn\u00e9is a chuirtear ar f\u00e1il ar an l\u00e1ithre\u00e1n gr\u00e9as\u00e1in agus n\u00ed ghlacann s\u00e9 le haon dliteanas ar bith a eascra\u00edonn as aon earr\u00e1id\u00ed n\u00f3 easnaimh.<br \/>\nUaireanta nascann an l\u00e1ithre\u00e1n le su\u00edomhanna seachtracha nach bhfuil aon smacht ag an Roinn orthu agus nach nglacann aon fhreagracht orthu.<br \/>\nN\u00ed l\u00e9irmh\u00edni\u00fa dl\u00edthi\u00fail \u00e9 aon doicim\u00e9ad ar an l\u00e1ithre\u00e1n agus n\u00edor cheart breathn\u00fa air mar sin. M\u00e1 theasta\u00edonn comhairle ghairmi\u00fail n\u00f3 dhl\u00edthi\u00fail uait ba ch\u00f3ir duit dul i gcomhairle le duine at\u00e1 c\u00e1ilithe go cu\u00ed.<\/p>\n<h2>C\u00f3ipcheart<\/h2>\n<p>T\u00e1 an t-\u00e1bhar at\u00e1 le feice\u00e1il ar an l\u00e1ithre\u00e1n seo faoi r\u00e9ir ch\u00f3ipcheart an Rialtais de r\u00e9ir an Achta C\u00f3ipchirt agus Ceart Gaolmhar, 2000. Is f\u00e9idir an t-\u00e1bhar a \u00edosl\u00f3d\u00e1il chuig comhad n\u00f3 chuig print\u00e9ir le haghaidh \u00fas\u00e1ide pearsanta amh\u00e1in. Sa ch\u00e1s go bhfuil an t-\u00e1bhar seo \u00e1 eisi\u00faint chuig daoine eile, n\u00ed m\u00f3r an fhoinse (URL san \u00e1ireamh) agus an st\u00e1das c\u00f3ipchirt a admh\u00e1il.<br \/>\nN\u00ed sh\u00edneann an cead chun \u00e1bhar c\u00f3ipchirt an Rialtais a at\u00e1irgeadh chuig aon \u00e1bhar ar an l\u00e1ithre\u00e1n seo a d\u2019fh\u00e9adfadh a bheith ina sheilbh ag tr\u00ed\u00fa p\u00e1irt\u00ed. N\u00ed m\u00f3r \u00fadar\u00fa chun \u00e1bhar den s\u00f3rt sin a at\u00e1irgeadh a fh\u00e1il \u00f3 na sealbh\u00f3ir\u00ed c\u00f3ipchirt lena mbaineann.<\/p>\n","protected":false},"excerpt":{"rendered":"<p>S\u00e9anadh C\u00e9 go bhfuil gach iarracht d\u00e9anta cruinneas na faisn\u00e9ise\/\u00e1bhar at\u00e1 ar an su\u00edomh Gr\u00e9as\u00e1in a chinnti\u00fa, n\u00ed ghlacann an Roinn, a seirbh\u00edsigh n\u00e1 a gn\u00edomhair\u00ed freagracht ar bith as agus n\u00ed thugann siad aon r\u00e1tha\u00edochta\u00ed, gealltanais n\u00f3 bar\u00e1nta\u00ed maidir le cruinneas, ioml\u00e1ine n\u00f3 n\u00e1d\u00far cothrom le d\u00e1ta an fhaisn\u00e9is a chuirtear ar f\u00e1il ar [&hellip;]<\/p>\n","protected":false},"author":60,"featured_media":0,"parent":0,"menu_order":0,"comment_status":"closed","ping_status":"closed","template":"","meta":{"_acf_changed":false,"footnotes":""},"class_list":["post-1299","page","type-page","status-publish","hentry"],"acf":[],"yoast_head":"<!-- This site is optimized with the Yoast SEO plugin v27.4 - https:\/\/yoast.com\/product\/yoast-seo-wordpress\/ -->\n<title>Eolas C\u00f3ipchirt agus Treoirl\u00ednte | F\u00e1s Digiteach<\/title>\n<meta name=\"description\" content=\"D\u00e9an ini\u00fachadh ar \u00e1r dtiomantas maidir le maoin intleacht\u00fail a chosaint. Foghlaim faoi bheartais ch\u00f3ipchirt a chinnt\u00edonn \u00e9iceach\u00f3ras digiteach at\u00e1 cothrom cruthaitheach.\" \/>\n<meta name=\"robots\" content=\"index, follow, max-snippet:-1, max-image-preview:large, max-video-preview:-1\" \/>\n<link rel=\"canonical\" href=\"https:\/\/www.growdigital.gov.ie\/ga\/disclaimer-and-copyright-statement\/\" \/>\n<meta property=\"og:locale\" content=\"ga_IE\" \/>\n<meta property=\"og:type\" content=\"article\" \/>\n<meta property=\"og:title\" content=\"Eolas C\u00f3ipchirt agus Treoirl\u00ednte | F\u00e1s Digiteach\" \/>\n<meta property=\"og:description\" content=\"D\u00e9an ini\u00fachadh ar \u00e1r dtiomantas maidir le maoin intleacht\u00fail a chosaint. Foghlaim faoi bheartais ch\u00f3ipchirt a chinnt\u00edonn \u00e9iceach\u00f3ras digiteach at\u00e1 cothrom cruthaitheach.\" \/>\n<meta property=\"og:url\" content=\"https:\/\/www.growdigital.gov.ie\/ga\/disclaimer-and-copyright-statement\/\" \/>\n<meta property=\"og:site_name\" content=\"Grow Digital\" \/>\n<meta property=\"article:modified_time\" content=\"2024-07-11T11:23:07+00:00\" \/>\n<meta property=\"og:image\" content=\"https:\/\/www.growdigital.gov.ie\/wp-content\/uploads\/2023\/10\/results-look2.png\" \/>\n\t<meta property=\"og:image:width\" content=\"464\" \/>\n\t<meta property=\"og:image:height\" content=\"318\" \/>\n\t<meta property=\"og:image:type\" content=\"image\/png\" \/>\n<meta name=\"twitter:card\" content=\"summary_large_image\" \/>\n<meta name=\"twitter:label1\" content=\"Est. reading time\" \/>\n\t<meta name=\"twitter:data1\" content=\"1 minute\" \/>\n<script type=\"application\/ld+json\" class=\"yoast-schema-graph\">{\"@context\":\"https:\\\/\\\/schema.org\",\"@graph\":[{\"@type\":\"WebPage\",\"@id\":\"https:\\\/\\\/www.growdigital.gov.ie\\\/ga\\\/disclaimer-and-copyright-statement\\\/\",\"url\":\"https:\\\/\\\/www.growdigital.gov.ie\\\/ga\\\/disclaimer-and-copyright-statement\\\/\",\"name\":\"Eolas C\u00f3ipchirt agus Treoirl\u00ednte | F\u00e1s Digiteach\",\"isPartOf\":{\"@id\":\"https:\\\/\\\/www.growdigital.gov.ie\\\/#website\"},\"datePublished\":\"2023-08-11T04:17:54+00:00\",\"dateModified\":\"2024-07-11T11:23:07+00:00\",\"description\":\"D\u00e9an ini\u00fachadh ar \u00e1r dtiomantas maidir le maoin intleacht\u00fail a chosaint. Foghlaim faoi bheartais ch\u00f3ipchirt a chinnt\u00edonn \u00e9iceach\u00f3ras digiteach at\u00e1 cothrom cruthaitheach.\",\"breadcrumb\":{\"@id\":\"https:\\\/\\\/www.growdigital.gov.ie\\\/ga\\\/disclaimer-and-copyright-statement\\\/#breadcrumb\"},\"inLanguage\":\"ga-IE\",\"potentialAction\":[{\"@type\":\"ReadAction\",\"target\":[\"https:\\\/\\\/www.growdigital.gov.ie\\\/ga\\\/disclaimer-and-copyright-statement\\\/\"]}]},{\"@type\":\"BreadcrumbList\",\"@id\":\"https:\\\/\\\/www.growdigital.gov.ie\\\/ga\\\/disclaimer-and-copyright-statement\\\/#breadcrumb\",\"itemListElement\":[{\"@type\":\"ListItem\",\"position\":1,\"name\":\"Home\",\"item\":\"https:\\\/\\\/www.growdigital.gov.ie\\\/ga\\\/\"},{\"@type\":\"ListItem\",\"position\":2,\"name\":\"S\u00e9anadh agus R\u00e1iteas C\u00f3ipchirt\"}]},{\"@type\":\"WebSite\",\"@id\":\"https:\\\/\\\/www.growdigital.gov.ie\\\/#website\",\"url\":\"https:\\\/\\\/www.growdigital.gov.ie\\\/\",\"name\":\"Grow Digital\",\"description\":\"Digital toolkit for every business\",\"publisher\":{\"@id\":\"https:\\\/\\\/www.growdigital.gov.ie\\\/#organization\"},\"alternateName\":\"Grow Digital - Digital toolkit for every business\",\"potentialAction\":[{\"@type\":\"SearchAction\",\"target\":{\"@type\":\"EntryPoint\",\"urlTemplate\":\"https:\\\/\\\/www.growdigital.gov.ie\\\/?s={search_term_string}\"},\"query-input\":{\"@type\":\"PropertyValueSpecification\",\"valueRequired\":true,\"valueName\":\"search_term_string\"}}],\"inLanguage\":\"ga-IE\"},{\"@type\":\"Organization\",\"@id\":\"https:\\\/\\\/www.growdigital.gov.ie\\\/#organization\",\"name\":\"Grow Digital\",\"alternateName\":\"Grow Digital - Digital toolkit for every business\",\"url\":\"https:\\\/\\\/www.growdigital.gov.ie\\\/\",\"logo\":{\"@type\":\"ImageObject\",\"inLanguage\":\"ga-IE\",\"@id\":\"https:\\\/\\\/www.growdigital.gov.ie\\\/#\\\/schema\\\/logo\\\/image\\\/\",\"url\":\"https:\\\/\\\/www.growdigital.gov.ie\\\/wp-content\\\/uploads\\\/2023\\\/11\\\/Grow-Digital-Logo-background.webp\",\"contentUrl\":\"https:\\\/\\\/www.growdigital.gov.ie\\\/wp-content\\\/uploads\\\/2023\\\/11\\\/Grow-Digital-Logo-background.webp\",\"width\":599,\"height\":455,\"caption\":\"Grow Digital\"},\"image\":{\"@id\":\"https:\\\/\\\/www.growdigital.gov.ie\\\/#\\\/schema\\\/logo\\\/image\\\/\"}}]}<\/script>\n<!-- \/ Yoast SEO plugin. -->","yoast_head_json":{"title":"Eolas C\u00f3ipchirt agus Treoirl\u00ednte | F\u00e1s Digiteach","description":"D\u00e9an ini\u00fachadh ar \u00e1r dtiomantas maidir le maoin intleacht\u00fail a chosaint. Foghlaim faoi bheartais ch\u00f3ipchirt a chinnt\u00edonn \u00e9iceach\u00f3ras digiteach at\u00e1 cothrom cruthaitheach.","robots":{"index":"index","follow":"follow","max-snippet":"max-snippet:-1","max-image-preview":"max-image-preview:large","max-video-preview":"max-video-preview:-1"},"canonical":"https:\/\/www.growdigital.gov.ie\/ga\/disclaimer-and-copyright-statement\/","og_locale":"ga_IE","og_type":"article","og_title":"Eolas C\u00f3ipchirt agus Treoirl\u00ednte | F\u00e1s Digiteach","og_description":"D\u00e9an ini\u00fachadh ar \u00e1r dtiomantas maidir le maoin intleacht\u00fail a chosaint. Foghlaim faoi bheartais ch\u00f3ipchirt a chinnt\u00edonn \u00e9iceach\u00f3ras digiteach at\u00e1 cothrom cruthaitheach.","og_url":"https:\/\/www.growdigital.gov.ie\/ga\/disclaimer-and-copyright-statement\/","og_site_name":"Grow Digital","article_modified_time":"2024-07-11T11:23:07+00:00","og_image":[{"width":464,"height":318,"url":"https:\/\/www.growdigital.gov.ie\/wp-content\/uploads\/2023\/10\/results-look2.png","type":"image\/png"}],"twitter_card":"summary_large_image","twitter_misc":{"Est. reading time":"1 minute"},"schema":{"@context":"https:\/\/schema.org","@graph":[{"@type":"WebPage","@id":"https:\/\/www.growdigital.gov.ie\/ga\/disclaimer-and-copyright-statement\/","url":"https:\/\/www.growdigital.gov.ie\/ga\/disclaimer-and-copyright-statement\/","name":"Eolas C\u00f3ipchirt agus Treoirl\u00ednte | F\u00e1s Digiteach","isPartOf":{"@id":"https:\/\/www.growdigital.gov.ie\/#website"},"datePublished":"2023-08-11T04:17:54+00:00","dateModified":"2024-07-11T11:23:07+00:00","description":"D\u00e9an ini\u00fachadh ar \u00e1r dtiomantas maidir le maoin intleacht\u00fail a chosaint. Foghlaim faoi bheartais ch\u00f3ipchirt a chinnt\u00edonn \u00e9iceach\u00f3ras digiteach at\u00e1 cothrom cruthaitheach.","breadcrumb":{"@id":"https:\/\/www.growdigital.gov.ie\/ga\/disclaimer-and-copyright-statement\/#breadcrumb"},"inLanguage":"ga-IE","potentialAction":[{"@type":"ReadAction","target":["https:\/\/www.growdigital.gov.ie\/ga\/disclaimer-and-copyright-statement\/"]}]},{"@type":"BreadcrumbList","@id":"https:\/\/www.growdigital.gov.ie\/ga\/disclaimer-and-copyright-statement\/#breadcrumb","itemListElement":[{"@type":"ListItem","position":1,"name":"Home","item":"https:\/\/www.growdigital.gov.ie\/ga\/"},{"@type":"ListItem","position":2,"name":"S\u00e9anadh agus R\u00e1iteas C\u00f3ipchirt"}]},{"@type":"WebSite","@id":"https:\/\/www.growdigital.gov.ie\/#website","url":"https:\/\/www.growdigital.gov.ie\/","name":"Grow Digital","description":"Digital toolkit for every business","publisher":{"@id":"https:\/\/www.growdigital.gov.ie\/#organization"},"alternateName":"Grow Digital - Digital toolkit for every business","potentialAction":[{"@type":"SearchAction","target":{"@type":"EntryPoint","urlTemplate":"https:\/\/www.growdigital.gov.ie\/?s={search_term_string}"},"query-input":{"@type":"PropertyValueSpecification","valueRequired":true,"valueName":"search_term_string"}}],"inLanguage":"ga-IE"},{"@type":"Organization","@id":"https:\/\/www.growdigital.gov.ie\/#organization","name":"Grow Digital","alternateName":"Grow Digital - Digital toolkit for every business","url":"https:\/\/www.growdigital.gov.ie\/","logo":{"@type":"ImageObject","inLanguage":"ga-IE","@id":"https:\/\/www.growdigital.gov.ie\/#\/schema\/logo\/image\/","url":"https:\/\/www.growdigital.gov.ie\/wp-content\/uploads\/2023\/11\/Grow-Digital-Logo-background.webp","contentUrl":"https:\/\/www.growdigital.gov.ie\/wp-content\/uploads\/2023\/11\/Grow-Digital-Logo-background.webp","width":599,"height":455,"caption":"Grow Digital"},"image":{"@id":"https:\/\/www.growdigital.gov.ie\/#\/schema\/logo\/image\/"}}]}},"_links":{"self":[{"href":"https:\/\/www.growdigital.gov.ie\/ga\/wp-json\/wp\/v2\/pages\/1299","targetHints":{"allow":["GET"]}}],"collection":[{"href":"https:\/\/www.growdigital.gov.ie\/ga\/wp-json\/wp\/v2\/pages"}],"about":[{"href":"https:\/\/www.growdigital.gov.ie\/ga\/wp-json\/wp\/v2\/types\/page"}],"author":[{"embeddable":true,"href":"https:\/\/www.growdigital.gov.ie\/ga\/wp-json\/wp\/v2\/users\/60"}],"replies":[{"embeddable":true,"href":"https:\/\/www.growdigital.gov.ie\/ga\/wp-json\/wp\/v2\/comments?post=1299"}],"version-history":[{"count":3,"href":"https:\/\/www.growdigital.gov.ie\/ga\/wp-json\/wp\/v2\/pages\/1299\/revisions"}],"predecessor-version":[{"id":1352,"href":"https:\/\/www.growdigital.gov.ie\/ga\/wp-json\/wp\/v2\/pages\/1299\/revisions\/1352"}],"wp:attachment":[{"href":"https:\/\/www.growdigital.gov.ie\/ga\/wp-json\/wp\/v2\/media?parent=1299"}],"curies":[{"name":"wp","href":"https:\/\/api.w.org\/{rel}","templated":true}]}}

Séanadh agus Ráiteas Cóipchirt

<h2>Séanadh</h2>
<p>Cé go bhfuil gach iarracht déanta cruinneas na faisnéise/ábhar atá ar an suíomh Gréasáin a chinntiú, ní ghlacann an Roinn, a seirbhísigh ná a gníomhairí freagracht ar bith as agus ní thugann siad aon ráthaíochtaí, gealltanais nó barántaí maidir le cruinneas, iomláine nó nádúr cothrom le dáta an fhaisnéis a chuirtear ar fáil ar an láithreán gréasáin agus ní ghlacann sé le haon dliteanas ar bith a eascraíonn as aon earráidí nó easnaimh.<br />
Uaireanta nascann an láithreán le suíomhanna seachtracha nach bhfuil aon smacht ag an Roinn orthu agus nach nglacann aon fhreagracht orthu.<br />
Ní léirmhíniú dlíthiúil é aon doiciméad ar an láithreán agus níor cheart breathnú air mar sin. Má theastaíonn comhairle ghairmiúil nó dhlíthiúil uait ba chóir duit dul i gcomhairle le duine atá cáilithe go cuí.</p>
<h2>Cóipcheart</h2>
<p>Tá an t-ábhar atá le feiceáil ar an láithreán seo faoi réir chóipcheart an Rialtais de réir an Achta Cóipchirt agus Ceart Gaolmhar, 2000. Is féidir an t-ábhar a íoslódáil chuig comhad nó chuig printéir le haghaidh úsáide pearsanta amháin. Sa chás go bhfuil an t-ábhar seo á eisiúint chuig daoine eile, ní mór an fhoinse (URL san áireamh) agus an stádas cóipchirt a admháil.<br />
Ní shíneann an cead chun ábhar cóipchirt an Rialtais a atáirgeadh chuig aon ábhar ar an láithreán seo a d’fhéadfadh a bheith ina sheilbh ag tríú páirtí. Ní mór údarú chun ábhar den sórt sin a atáirgeadh a fháil ó na sealbhóirí cóipchirt lena mbaineann.</p>

<p>Séanadh Cé go bhfuil gach iarracht déanta cruinneas na faisnéise/ábhar atá ar an suíomh Gréasáin a chinntiú, ní ghlacann an Roinn, a seirbhísigh ná a gníomhairí freagracht ar bith as agus ní thugann siad aon ráthaíochtaí, gealltanais nó barántaí maidir le cruinneas, iomláine nó nádúr cothrom le dáta an fhaisnéis a chuirtear ar fáil ar [&hellip;]</p>

<!-- This site is optimized with the Yoast SEO plugin v27.4 - https://yoast.com/product/yoast-seo-wordpress/ -->
<title>Eolas Cóipchirt agus Treoirlínte | Fás Digiteach</title>
<meta name="description" content="Déan iniúchadh ar ár dtiomantas maidir le maoin intleachtúil a chosaint. Foghlaim faoi bheartais chóipchirt a chinntíonn éiceachóras digiteach atá cothrom cruthaitheach." />
<meta name="robots" content="index, follow, max-snippet:-1, max-image-preview:large, max-video-preview:-1" />
<link rel="canonical" href="https://www.growdigital.gov.ie/ga/disclaimer-and-copyright-statement/" />
<meta property="og:locale" content="ga_IE" />
<meta property="og:type" content="article" />
<meta property="og:title" content="Eolas Cóipchirt agus Treoirlínte | Fás Digiteach" />
<meta property="og:description" content="Déan iniúchadh ar ár dtiomantas maidir le maoin intleachtúil a chosaint. Foghlaim faoi bheartais chóipchirt a chinntíonn éiceachóras digiteach atá cothrom cruthaitheach." />
<meta property="og:url" content="https://www.growdigital.gov.ie/ga/disclaimer-and-copyright-statement/" />
<meta property="og:site_name" content="Grow Digital" />
<meta property="article:modified_time" content="2024-07-11T11:23:07+00:00" />
<meta property="og:image" content="https://www.growdigital.gov.ie/wp-content/uploads/2023/10/results-look2.png" />
	<meta property="og:image:width" content="464" />
	<meta property="og:image:height" content="318" />
	<meta property="og:image:type" content="image/png" />
<meta name="twitter:card" content="summary_large_image" />
<meta name="twitter:label1" content="Est. reading time" />
	<meta name="twitter:data1" content="1 minute" />
<script type="application/ld+json" class="yoast-schema-graph">{"@context":"https:\/\/schema.org","@graph":[{"@type":"WebPage","@id":"https:\/\/www.growdigital.gov.ie\/ga\/disclaimer-and-copyright-statement\/","url":"https:\/\/www.growdigital.gov.ie\/ga\/disclaimer-and-copyright-statement\/","name":"Eolas Cóipchirt agus Treoirlínte | Fás Digiteach","isPartOf":{"@id":"https:\/\/www.growdigital.gov.ie\/#website"},"datePublished":"2023-08-11T04:17:54+00:00","dateModified":"2024-07-11T11:23:07+00:00","description":"Déan iniúchadh ar ár dtiomantas maidir le maoin intleachtúil a chosaint. Foghlaim faoi bheartais chóipchirt a chinntíonn éiceachóras digiteach atá cothrom cruthaitheach.","breadcrumb":{"@id":"https:\/\/www.growdigital.gov.ie\/ga\/disclaimer-and-copyright-statement\/#breadcrumb"},"inLanguage":"ga-IE","potentialAction":[{"@type":"ReadAction","target":["https:\/\/www.growdigital.gov.ie\/ga\/disclaimer-and-copyright-statement\/"]}]},{"@type":"BreadcrumbList","@id":"https:\/\/www.growdigital.gov.ie\/ga\/disclaimer-and-copyright-statement\/#breadcrumb","itemListElement":[{"@type":"ListItem","position":1,"name":"Home","item":"https:\/\/www.growdigital.gov.ie\/ga\/"},{"@type":"ListItem","position":2,"name":"Séanadh agus Ráiteas Cóipchirt"}]},{"@type":"WebSite","@id":"https:\/\/www.growdigital.gov.ie\/#website","url":"https:\/\/www.growdigital.gov.ie\/","name":"Grow Digital","description":"Digital toolkit for every business","publisher":{"@id":"https:\/\/www.growdigital.gov.ie\/#organization"},"alternateName":"Grow Digital - Digital toolkit for every business","potentialAction":[{"@type":"SearchAction","target":{"@type":"EntryPoint","urlTemplate":"https:\/\/www.growdigital.gov.ie\/?s={search_term_string}"},"query-input":{"@type":"PropertyValueSpecification","valueRequired":true,"valueName":"search_term_string"}}],"inLanguage":"ga-IE"},{"@type":"Organization","@id":"https:\/\/www.growdigital.gov.ie\/#organization","name":"Grow Digital","alternateName":"Grow Digital - Digital toolkit for every business","url":"https:\/\/www.growdigital.gov.ie\/","logo":{"@type":"ImageObject","inLanguage":"ga-IE","@id":"https:\/\/www.growdigital.gov.ie\/#\/schema\/logo\/image\/","url":"https:\/\/www.growdigital.gov.ie\/wp-content\/uploads\/2023\/11\/Grow-Digital-Logo-background.webp","contentUrl":"https:\/\/www.growdigital.gov.ie\/wp-content\/uploads\/2023\/11\/Grow-Digital-Logo-background.webp","width":599,"height":455,"caption":"Grow Digital"},"image":{"@id":"https:\/\/www.growdigital.gov.ie\/#\/schema\/logo\/image\/"}}]}</script>
<!-- / Yoast SEO plugin. -->

Eolas Cóipchirt agus Treoirlínte | Fás Digiteach

Déan iniúchadh ar ár dtiomantas maidir le maoin intleachtúil a chosaint. Foghlaim faoi bheartais chóipchirt a chinntíonn éiceachóras digiteach atá cothrom cruthaitheach.
